remainder when y is divided by a.
0
Suppose h = 4*h + 843. Let s = 394 + h. What is the remainder when s is divided by 19?
18
Suppose 2*x + p = 39, -2*x - 5*p + 9 + 42 = 0. Calculate the remainder when x is divided by 11.
7
Let y(p) = -p**2 - 11*p + 9. Calculate the remainder when 26/(-39) + (-47)/(-3) is divided by y(-11).
6
Let v = 305 - 241. Calculate the remainder when 1021 is divided by v.
61
Let b = -79 - -104. Suppose -302 - 183 = -5*h. Calculate the remainder when h is divided by b.
22
Let b be -3 - 7*(-2 + -1). Let a = 80 + b. Calculate the remainder when a is divided by 25.
23
Suppose 14*q + 12 = 12*q. Let r = 14 - q. Calculate the remainder when 56 is divided by r.
16
Let n = -11 - -20. Let t(z) = z**3 - 12*z**2 - 12*z - 10. Let k be t(13). What is the remainder when (-255)/(-10) + k/6 is divided by n?
8
Let w(n) = 9*n**2 - 51*n + 7. Calculate the remainder when 26 is divided by w(6).
1
Let n(o) = -1. Let c(j) = -4*j + 6. Let f(v) = c(v) + 2*n(v). Let g(q) = -2*q + 7. What is the remainder when f(-2) is divided by g(0)?
5
Suppose 52 = t - 3*w, 2*t - 7*t + 230 = -5*w. Calculate the remainder when t is divided by 4.
3
Let c(i) = -i**3 - 7*i**2 - 4*i - 4. Let z be c(-6). Let n be z + (-1 - 0) + -1. Calculate the remainder when 10 is divided by (-16)/(-72) + (-50)/n.
1
Let r = 570 - 513. Calculate the remainder when 114 is divided by r.
0
Let k(t) = 25*t**2 + 78*t + 3. What is the remainder when k(-5) is divided by 10?
8
Let f(l) = -l**2 - 6*l + 10. Let t be f(-7). Let x = t + 0. Let k(y) = y**3 - 5*y**2 + 2*y - 2. Calculate the remainder when k(5) is divided by x.
2
What is the remainder when 188 is divided by (6/8)/((208/(-256))/(-13))?
8
Let c(m) = 4*m - 9. Let r(t) = -t + 3. Let j be r(-3). Let w(k) = k**2 + 3*k - 56. Calculate the remainder when w(-13) is divided by c(j).
14
Let d = 11 + 4. Suppose 0 = 7*p - 31 - 18. Suppose 2*i + p = 25. What is the remainder when d is divided by i?
6
Let j(m) = m**2 - 6*m - 4. Let k be j(7). Suppose 0 = -4*g - k*i + 169, -114 = -0*g - 3*g + 2*i. Calculate the remainder when g is divided by 14.
12
Let d(f) = f**3 + 6*f**2 - f - 3. Let l = 8 - 14. Let o be d(l). Let q(x) = 2*x**3 - 3*x**2 - 4*x - 1. Calculate the remainder when 55 is divided by q(o).
13
Suppose x - 2*x = -k - 10, -4*x - k + 20 = 0. Suppose 5*y = 15, -2*y - 354 = -x*n + 3*n. Calculate the remainder when n is divided by 31.
27
Let v = 261 + -210. What is the remainder when 151 is divided by v?
49
Let s(p) = -24*p + 356. What is the remainder when s(9) is divided by 21?
14
Let s = -220 + 235. What is the remainder when 39 is divided by s?
9
Suppose 0 = -2*g - 2*g. Suppose -5*b + o = -7, 0 = 6*b - 5*b + 3*o - 11. Calculate the remainder when 43 is divided by g*1/b - -15.
13
Calculate the remainder when ((-9)/9)/1 + 536 is divided by 77.
73
Suppose -8*c + 9*c - 28 = 0. Suppose -3*f + 10*f - c = 0. What is the remainder when 14 is divided by f?
2
Suppose 5*c = 2*c + k + 512, -12 = -3*k. Suppose -5*o + z + c - 18 = 0, 5*o - 151 = 4*z. What is the remainder when o is divided by 49/3 + (-6)/(-9)?
14
Suppose -4*x = x - 545. What is the remainder when x is divided by 38?
33
Let p = -11 + 153. Let m(t) = -18*t**3 - 2*t**2 - t. What is the remainder when 18/(-36) + (p/4 - 2) is divided by m(-1)?
16
Let l = -269 - -673. Calculate the remainder when l is divided by 68.
64
Let y = 191 + -128. Suppose -2*g - 152 = -2*n - 60, -5*g = 2*n - 92. Let i = -30 + n. What is the remainder when y is divided by i?
15
Suppose -2*m + 5*y - 14 = 0, -8*m + 23 = -3*m + 2*y. Suppose -m*n + 15 = 2*n. Suppose 26 = -r + n*r. Calculate the remainder when r is divided by 7.
6
Let d be (13/3 + 2/3)*1. Suppose -d*v = -4*i + 46 + 49, -i + 29 = 4*v. Suppose c + 2*c = 291. What is the remainder when c is divided by i?
22
Suppose -3*l - 188 = 4*a, l + 63 = -3*a - 3. Let o = -32 - l. What is the remainder when 54 is divided by o?
26
Let k = -56 + 87. Let m = k - 18. Suppose z + 3*h - 56 = 0, -5*h - 15 = -z + 25. What is the remainder when z is divided by m?
11
Let x(l) = -18*l + 14. Suppose 42*n + 10 = 40*n. Calculate the remainder when x(n) is divided by 36.
32
Let j = 931 - 897. Let a(u) = u**2 - 2*u - 6. Calculate the remainder when j is divided by a(6).
16
Suppose -5*d - 7*w + 4*w + 555 = 0, 5*d - 565 = -w. What is the remainder when 1707 is divided by d?
111
Let t be (-3)/(6/(-64)*4). Suppose 6*j = -t*j + 126. What is the remainder when 26 is divided by j?
8
Let s be ((-36)/(-24))/((-6)/(-8)). Suppose -2 + 28 = s*x. Suppose 0 = -2*z + 41 + 9. What is the remainder when z is divided by x?
12
Let h = 873 - 858. Calculate the remainder when h is divided by 11.
4
Let k = -89 - -153. Let a(t) = -34*t**3 - 3 - 27*t**3 + k*t**3 + 2*t. Calculate the remainder when a(2) is divided by 7.
4
Let t be 4/16*-2*-6. Suppose -h = -t*h + 82. Suppose -h = -5*j - 6. What is the remainder when 19 is divided by j?
5
Suppose 3*u + 0*u = -66. Let v = u - -45. Let y = 156 + -90. What is the remainder when y is divided by v?
20
Suppose -5*l + 5*i = -10*l + 10, 2*i - 8 = 0. Calculate the remainder when 44 is divided by l/(-3) - (-46)/3.
12
Let r(j) = 29*j - 9. What is the remainder when 156 is divided by r(1)?
16
Let a(v) = -v**2 + 7*v - 6. Let g be a(4). Suppose 4*u - 4*w - 1331 + 1187 = 0, -u = -3*w - 36. What is the remainder when u is divided by (2 + 28/g)*3?
16
Let d(z) = 45*z. Suppose 2*k = 2*w + 2*w + 12, 3 = -w - k. Let r be ((2 + -5)/w)/1. What is the remainder when d(r) is divided by 12?
9
Suppose 4*l - 64 - 12 = 0. Let m(p) = -p**3 + 20*p**2 - 19*p + 24. Let f be m(l). Let z = 39 - f. Calculate the remainder when 29 is divided by z.
14
Let w = 42 - 37. Let j be (-6)/15 - 54/(-10). Let f = j + w. What is the remainder when f is divided by 6?
4
Let c = 16 - 12. Suppose -4*o + 3*o + 98 = 5*m, 0 = c*m - o - 73. Let u = 17 + 35. What is the remainder when u is divided by m?
14
Let n(a) = a - 1. Let w(o) = -o**2 - 22*o - 9. Let i be w(-21). Suppose -2*v + 8 + 0 = 0. What is the remainder when n(i) is divided by v?
3
Suppose d + 3*d + 4*g - 484 = 0, 4*g = -5*d + 607. Suppose -43 = -4*l + 3*y + d, y = l - 42. Calculate the remainder when 159 is divided by l.
39
Let x be 0 + (4/2)/(-2). Let q be (((-130)/(-20))/13)/((-1)/36). Calculate the remainder when -4 - (q + x) - 2 is divided by 8.
5
Let w(p) = p**3 - p**2 - 2*p - 1. Let m be w(2). Let k(t) = 12*t**2 + 2*t + 1. What is the remainder when (-4)/(-2) - (-7)/(28/164) is divided by k(m)?
10
Let g = 59 - 47. Suppose -5*d = 5*b - 3*b - g, -4*d - 32 = -b. What is the remainder when 63 is divided by b?
15
Suppose 0 = -2*q - 68 + 106. Calculate the remainder when 122 is divided by q.
8
Suppose -4*m + 2*m = -46. Let a(p) = 2*p - 3. Let x be a(-6). Let k = 28 + x. Calculate the remainder when m is divided by k.
10
Let b = 11 - 4. Let y(l) = l**3 - 7*l**2 + l - 7. Let j be y(b). Suppose j = -2*q + 2 + 20. Calculate the remainder when q is divided by 6.
5
Suppose c = -w + 405, 812 = 2*c - 6*w + 9*w. Calculate the remainder when c is divided by 45.
43
Let q = 374 + -139. Calculate the remainder when q is divided by 7.
4
Let x be -26*(-5)/30*3. Suppose -2*s = 5*u - 79, -u = s - x - 4. What is the remainder when u is divided by 8?
7
Let p(n) = -6*n + 4. Let j = 94 - 93. What is the remainder when p(-3) is divided by 6/j + 2/1?
6
Let s(b) = b**3 + 13*b**2 - b + 51. Let m = -36 - -54. Calculate the remainder when s(-13) is divided by m.
10
Let c = 147 + -92. Let z = c + -52. Calculate the remainder when 5 is divided by z.
2
Let l(n) = -21*n**3 - 8*n - 6. What is the remainder when 45 is divided by l(-1)?
22
Let n(l) = -l**3 - l**2 + 7. What is the remainder when 24/(-48)*(3 + -1) - -27 is divided by n(0)?
5
Suppose 0 = -p + 3*r + 79, -5*p - 5*r + 455 = -0*r. What is the remainder when p is divided by 23?
19
Let t be 4/(-14) + 456/(-21). Let x(r) = -2*r - 23. What is the remainder when 102 is divided by x(t)?
18
Let n(a) = -3*a - 4. Let z be n(-15). Suppose 6*i - z = 19. What is the remainder when i is divided by 4?
2
Let v be (-21 + 5)/4 - (-126 + -1). Let u = -47 + v. What is the remainder when u is divided by 27?
22
Suppose u - 15 = -2*u. Suppose -c + 3 = -10. Suppose u*m = 25, -r + c = -4*m + 3*m. What is the remainder when 52 is divided by r?
16
Let 